 213). Let c = -206 - d. What is w(c)?
-7
Let y be 1/(-2)*(-36 - -2). Let x(t) = -t**3 + 18*t**2 - 18*t + 21. Let b be x(y). Let u be (-12)/b*(-3)/3. Let s(v) = v - 4. Calculate s(u).
-1
Let l(j) = -3*j + 6. Suppose -71 = -4*d + 21. Suppose 15 = -h + d. Suppose -4*b = -20, 0 = 2*i - 3*b - 1 + h. Calculate l(i).
-6
Let c be 4/6*24/(-16). Let y = -4 + 5. Let z(a) = 3*a + y - 3*a - 18*a**2. Give z(c).
-17
Let g(u) = -44*u**2 - 22*u - 166. Let k(m) = -53*m**2 - 22*m - 165. Let a(f) = 6*g(f) - 5*k(f). Determine a(28).
-3
Let m(i) = i**2 - 10*i - 56. Let j(b) = 3*b**2 - 30*b - 163. Let y(r) = 3*j(r) - 8*m(r). Give y(12).
-17
Let p(z) = -51158*z**2 + 1 + 6*z + 51165*z**2 - 4*z. Let n(o) = -o**3 - 7*o**2 - 5*o + 5. Let f be n(-6). What is p(f)?
6
Let a(u) = -31 + 10*u - u**2 + 26 - 5*u. Let q be a(2). Let s = 3 - q. Let r(w) = w**3 + w**2 - 1. Give r(s).
11
Let k(d) = -2*d + 3*d + 1 + 0*d. Let j(z) = -4287 - 4301 + 12854 - 4289 - 3*z - z. Let t(l) = -j(l) - 3*k(l). Calculate t(0).
20
Let c be ((-2)/(-5))/(3/15). Let f be 0*((-1)/2)/((-4)/(-8)). Suppose m - 10 = -3*r, -m + 3*r - c = -f*r. Let y(s) = 5*s - 3. Determine y(m).
17
Let g(b) = 2*b. Let k = -5 - -18. Let i = -77 - -75. Let p be k/i + (-2)/(-4). What is g(p)?
-12
Let x be ((-1)/6)/(7/21) + 52/(-8). Let v(p) = -p**3 - 2*p**2 + 33*p + 7. What is v(x)?
21
Suppose -3*y - 21 = 4*y. Let i(c) = c**2 + 2*c + 2. Let d be i(y). Suppose 0*x + 19 = -x - 4*q, d*x + 31 = -4*q. Let a(m) = 2*m**2. Give a(x).
18
Let o(k) be the first derivative of -k**3/3 - 3544. Let x(i) = -i - 5. Let d be x(-7). Determine o(d).
-4
Let l(s) = -2*s + 10 - 21 + 10 - 9*s**2 + s**2. Let h be 3*((-3)/(-18) + (-10)/(-12)). Suppose -8*r - 14 = 4*d - h*r, 5*d + 11 = -3*r. Give l(d).
-7
Let w(l) = 48 + 9*l**2 - 246*l + 242*l - 60. What is w(-2)?
32
Let z(g) = -g**3 - 17*g**2 + 16*g - 37. Let n be z(-18). Let y be n/(-3) + 20/(-6). Let t be -2*6/4*4/y. Let r(q) = -q**3 + 4*q**2 - 4*q + 2. Calculate r(t).
-14
Let n be (-3)/(-18) + (-850)/60. Let b(h) = -h**2 - 14*h + 11. Give b(n).
11
Let k = -35344 + 35344. Let w(h) = h**2 + 4*h - 15. Calculate w(k).
-15
Suppose -574*s = -556*s. Let w(d) = d - 1. Let p(l) = -2*l + 1. Let f(t) = p(t) + w(t). Calculate f(s).
0
Let t(m) = -2*m - 2. Let o = -699 - -384. Let j = -308 - o. Determine t(j).
-16
Let p(z) = -2*z + 2. Let w(n) = 2*n - 2. Let l(f) = 5*p(f) + 4*w(f). Let o = 45 + -251. Let k = 210 + o. Determine l(k).
-6
Suppose -49*x - 288 - 158 = -54. Let b(o) = -2*o**2 + 12*o + 5. Let k(l) = -3*l**2 + 13*l + 5. Let v(d) = -4*b(d) + 3*k(d). Determine v(x).
3
Let o = -4 + -2. Let w(j) = -5*j**2 - 3*j - 6. Let c(y) be the third derivative of y**5/60 + y**4/24 - 38*y**2 - 7. Let f(z) = o*c(z) - w(z). What is f(-5)?
-4
Let v(w) = w**3 + 43*w**2 - 2*w - 104. Let n(j) = j**3 + 4*j**2 - 107*j + 45. Let l be n(8). What is v(l)?
-18
Let i(h) be the first derivative of h**2 + 4*h - 1. Suppose -2*c = -3*j + 48, -5*c = -2*j - 0*j + 21. Suppose -5*o + m = j, -4*m - 5 = 2*o + 11. Determine i(o).
-4
Let d(b) = b**2 - 7*b + 3. Let n(z) be the third derivative of z**5/20 - 23*z**4/24 + 3*z**3/2 - 3*z**2 + 10*z. Let c(p) = 7*d(p) - 2*n(p). Determine c(-3).
21
Let c be (-8)/6*6/(-4). Let g = 9 + -10. Let q(p) = -p**2 - 4*p - 4. Let k(v) = -v**2 + v - 1. Let r(y) = c*k(y) + g*q(y). Calculate r(6).
2
Suppose p - 14 = 3*x, -4*x + x = -5*p + 130. Let y = 31 - p. Let d be (1/y)/(6/48). Let o(f) = -2*f. Determine o(d).
-8
Let q(n) = n**2 - n - 7. Suppose 27 = -4*z + 13*z. Suppose -19 = 2*g - z*j, 3*g = -0*j - 5*j. What is q(g)?
23
Let s(k) be the second derivative of -k**4/6 + 32*k**3/3 - 123*k**2/2 - 201*k. Give s(30).
-3
Let w(f) = f**2 - 13*f + 12. Suppose 16*a - 1629 = -1453. What is w(a)?
-10
Let t(l) = -l**2 - l + 11. Suppose 7*r = r + 582. Suppose -21*k = r + 71. Determine t(k).
-45
Let o(s) = s**3 + 5*s**2 - 4*s + 6. Suppose -5*d = -0*t + 4*t + 4, -4*t - 3*d + 4 = 0. Let u = -58 - -70. Suppose -12 = t*y + u. Give o(y).
-6
Let v(z) = -5*z - 167 - 160 + 333 - z**2. Let s(k) = -k - 2. Let q be s(-4). Suppose f - 19 = 4*t, q*t - 5*t - 20 = 5*f. What is v(t)?
6
Let i(j) = -j**2 - 6*j. Let u(a) = -24 + 35 - 7*a + a**2 - 39. Let b be u(10). Suppose 9 = -5*m + 2*r - 12, b = -r. Calculate i(m).
5
Let m(v) = -3*v**2 - 30*v - 8. Let t(q) = -q**2 + 18*q - 65. Let a be t(4). Determine m(a).
19
Let n(u) be the first derivative of -5*u**2 + 166*u + 4142. Calculate n(15).
16
Let r(j) be the third derivative of -j**6/120 + j**5/15 + j**4/3 - 3*j**3/2 - 2082*j**2. Determine r(4).
23
Let j(h) be the first derivative of -h**3/3 + 13*h + 1. Let u(v) = 12*v**2 + 47*v + 4. Let x be u(-4). Let t be ((-144)/12 - -12)*2/x. Give j(t).
13
Let p(t) = 2*t**3 - 35*t**2 - 20*t + 44. Let o be p(18). Let f(d) = -5*d + 50. What is f(o)?
10
Suppose 0 = f + 4*q + 17, -3*f + 3*q + 8 + 16 = 0. Let s(j) = -5. Let t(a) = -a + 1. Let w(n) = s(n) - 2*t(n). Give w(f).
-1
Let o = -96 + 82. Let w(u) = -u**2 + u + 204. Calculate w(o).
-6
Let b(y) = 2*y**2 - 2228*y - 16 + 2212*y + 16. Determine b(9).
18
Let p(z) be the first derivative of -z**3/3 - 9*z**2/2 - 13*z + 592. What is p(-4)?
7
Let q(w) = -166*w - 1 + 160*w + 3. Let b(s) = 6*s - 3. Let f(p) = 3*b(p) + 2*q(p). Determine f(4).
19
Let j(m) = 2*m + 22. Suppose -d + 29 = -5*d - 5*a, -5*d + 2*a - 61 = 0. Let w be j(d). Let b(h) = w*h - 3*h + 22 - 22. Give b(1).
-3
Let x(q) = -17*q + 167. Let p be x(10). Let t(s) = -5*s**2 + 9*s + 7. Let f(c) = -2*c**2 + 5*c + 4. Let l(m) = p*t(m) + 7*f(m). Give l(-6).
-5
Suppose -7*k = -2*k + 5, 0 = 4*p - 5*k - 5. Let a(x) be the third derivative of 0*x**5 + 0*x + 0*x**4 + 0 - 23/6*x**3 - 10*x**2 - 1/120*x**6. Determine a(p).
-23
Let x(p) = 2*p + 2. Suppose 0 = -47*c + 35*c - 6540. Let u = c - -543. Calculate x(u).
-2
Let h = 3409 - 3399. Let m(s) = -2 + 3 + 10 - s. What is m(h)?
1
Let t(u) = -u**3 + 1. Let i be t(1). Let b be 1*4 + i/(-4). Let x(n) be the first derivative of n**3/3 - 3*n**2 + 4*n - 64772. Give x(b).
-4
Let y(f) = 3*f + 6. Let p be y(-2). Let v be p - (1 + -3 - 0). Let d(z) = -2 + z**v - 4*z - 2*z - 7. Give d(8).
7
Let x(j) = 3*j + 13. Suppose 7*u + 5 = c + 16*u, 4*u - 4 = 0. What is x(c)?
1
Let z(u) = -7*u**3 - 21*u**2 + 4*u - 5. Let d(x) = -3*x**3 - 10*x**2 + 2*x - 3. Let y(g) = 9*d(g) - 4*z(g). Let o be 80/13 - (1309/143 + -9). Determine y(o).
5
Let q = 41 + -52. Let z be (q/22)/((-3)/24). Let s be 10*2/z*(-4)/(-4). Let r(m) = m**3 - 4*m**2 - 3*m + 6. Calculate r(s).
16
Let g(u) = 1003 - 774 + 105*u - 100*u. What is g(-45)?
4
Let k(q) = -q**3 + 5*q**2 - 4*q + 1. Let r(h) = -3*h - 35. Let p be r(-14). Let u be (-8)/(-6)*(p - 4). What is k(u)?
1
Let m(j) = -j**3 - 6*j**2 - 3*j + 2. Let z be m(-6). Suppose 6*n - z = 2*n. Let l(p) = -84*p**2 + 1 + 249*p**2 - 84*p**2 + 7*p - 82*p**2 + p. Give l(n).
16
Let r(j) = -5*j**3 + 2*j - j**2 - 3 + 2 + 14*j**3. Suppose 0 = -11*v + 15*v - 4. Calculate r(v).
9
Let d(j) = 2*j**2 - 133 + 133. Suppose -5*s = 4*w + 10, 5*w + 4 = -710*s + 708*s. What is d(s)?
8
Let s = -58 - -360. Let a(t) = -s + 599 + 5*t - 296 - 4*t**2 - 3*t. Give a(2).
-11
Let p(k) be the first derivative of -k**3/3 + 21*k + 6. Let g(b) = 41*b - 492. Let u be g(12). Give p(u).
21
Suppose -340 = l - 3*l. Let b = l - 175. Let m(k) = 2*k**2 + 5*k + 4. Determine m(b).
29
Suppose -196 + 55 = -213*b + 285. Let h(f) be the first derivative of b + 1/4*f**4 - 4*f**2 - 7/3*f**3 + 11*f. Determine h(8).
11
Let c(g) = g**3 - 6*g**2 - g + 8. Let q(i) = -i**2 + 18*i - 18. Let j be q(15). Let w = j + -25. Suppose -9 = -4*s - w*x + 9, 4*s - 21 = -x. Determine c(s).
2
Suppose 56*j + 37*j + 381 = -34*j. Let b(v) = 13*v - 14. Give b(j).
-53
Let f(c) = 203*c + 2034. Let i be f(-10). Let t(p) = -p**2 + 37*p - 135. What is t(i)?
-3
Suppose 0 = -5*l + u + 245, -171 = -5*l + 5*u + 74. Suppose 10*a + l = 3*a. Let r(t) = -6*t + 7*t + 4 + 3 + 2. Determine r(a).
2
Suppose -4*f + 21*l + 954 = 20*l, 4*f - 5*l = 946. Let a(c) = -237 - f - c + 481. Calculate a(0).
5
Let c(y) = y**3 - 4*y**2 + 5*y - 5. Suppose 3*a = -4*x + 40, -27*a + 31 = -28*a + 5*x. Give c(a).
15
Let v = 15725 + -15729. Let o(y) = 3*y**3 + 10*y**2 - 2*y + 5. Determine o(v).
-19
Let m(h) = -216*h - 510. Let r(c) = 59*c + 139. Let t(y) = -6*m(y) - 22*r(y). Suppose -x - 4 = 0, 2*x = p - 2*p - 7. What is t(p)?
0
Let z